) = -22*h - 226. Let a be v(-11). What is the highest common factor of 84 and a?
4
Let k be ((-128)/(-96))/((-1)/(-18)). What is the greatest common factor of 132 and k?
12
Suppose -30*k - 43 = -193. Let a be (-10)/2*(-1)/(-1). Let d = 15 + a. What is the highest common divisor of k and d?
5
Let f be 2*(-3)/6 - -327. Let y = f + -218. What is the highest common factor of 12 and y?
12
Let w be (2 + 22)/(12/8). Let j(p) = 3*p**2 - 6*p. Let r be j(w). Suppose -6*t = -2*t - r. Calculate the greatest common divisor of t and 21.
21
Let h(c) = c**2 + 2*c - 6. Let o be h(15). Suppose -3*g + o = -3. Calculate the highest common divisor of 12 and g.
12
Let k(j) = 2*j**2 + j + 1. Let w be k(-2). Let f be ((-3)/(-9))/(2/36). Let m be 2/f*105/w. Calculate the highest common divisor of 35 and m.
5
Let n = 44 - 85. Let j = n - -47. Calculate the greatest common factor of j and 2.
2
Let m = -569 + 721. Calculate the greatest common divisor of 19 and m.
19
Let x(y) = y + 11. Let d be x(-8). Suppose -2*a = -2*r - 20, -2*a - d*a - 2*r + 36 = 0. What is the highest common divisor of a and 88?
8
Let w be 39 - (0 + 0) - (-634 - -637). What is the greatest common factor of w and 1548?
36
Let y(m) = -7*m**2 - 2. Let u be y(-1). Let b be u/7 - -1 - (-990)/35. What is the highest common factor of b and 252?
28
Let g(b) = -b**3 - 8*b**2 + 1. Let u be g(-8). Suppose -23 = -2*k + 3. Suppose l - u = k. Calculate the highest common factor of l and 21.
7
Let v(t) = 2*t**2 - 8*t - 5. Let y be v(4). Let a = y - -15. Suppose -8*q = -a*q + 28. What is the greatest common divisor of 70 and q?
14
Suppose 1393 = 15*p - 887. What is the highest common factor of p and 114?
38
Let w(p) = -p**2 - 3*p + 33. Let t be w(-7). Let c(m) = 2*m - 8. Let l be c(6). Suppose 1 + 7 = l*f. What is the highest common factor of t and f?
1
Let b = 16 + 24. Let g be (-33)/15 + 2/10. Let d be 21/3 + (1 - g). Calculate the greatest common divisor of d and b.
10
Suppose -288 - 19 = -4*k + m, -3*m = 9. What is the highest common divisor of 1444 and k?
76
Suppose 3*y = -0*y + 132. Let g be (-5 + 3)/((-18)/99). Calculate the highest common divisor of g and y.
11
Let q = -392 - -732. Suppose 2*d + q = 912. What is the greatest common factor of 26 and d?
26
Let b = -8 + 5. Let u be 8/4 - 75/b. Calculate the highest common factor of 81 and u.
27
Let z = 27 - 19. Suppose m - 98 = 4*f, -f + 0*m - 19 = -3*m. Let c be (-3)/18 + f/(-6). What is the highest common divisor of c and z?
4
Suppose 0 = -40*t + 1286 + 14514. Calculate the highest common divisor of t and 79.
79
Let m(n) = n**2 - 4*n. Let s be m(5). Suppose -3*i = -2*y + 5 + 25, -3*y = -s*i - 44. Calculate the highest common factor of y and 36.
18
Let t(l) = 6*l + 0*l + l + 16*l + 2. Let z be t(1). Calculate the highest common divisor of 200 and z.
25
Let c(s) be the third derivative of -s**6/120 - s**4/8 - s**3/3 + 12*s**2. Let n be c(-2). What is the highest common factor of 8 and n?
4
Let n = -261 - -275. Suppose -f + 14 - 36 = 3*i, 5*f = 2*i + 26. Let h be (1 + i)*(n - 15). What is the highest common divisor of 21 and h?
7
Let y be (-4)/6*-12 - 4. Suppose 5*i + y*n - 674 = 5*n, 0 = -5*i + 4*n + 671. Let r = 34 + -19. What is the highest common divisor of r and i?
15
Let x be (-5)/4*1*-4. Suppose 22*m + 15*m - 185 = 0. What is the highest common factor of m and x?
5
Let f be 2 - ((-932)/10 + (-8)/(-40)). Let a = 194 - f. What is the greatest common divisor of 11 and a?
11
Suppose -11 = -5*w + 5*v + 19, -5*w + 30 = 5*v. What is the highest common factor of 6 and w?
6
Suppose 0 = 36*a - 212 - 5296. What is the highest common divisor of 204 and a?
51
Suppose 3*i - 4*m + 124 = 332, 0 = -3*i - 5*m + 199. What is the greatest common factor of i and 85?
17
Let f be (40/6)/(16/24). Let i = 20 - f. Suppose 3*l + 132 = 2*k, 3*k + 3*l - 178 + i = 0. What is the highest common factor of 40 and k?
20
Let k = -175 - -343. What is the greatest common divisor of k and 21?
21
Let f be (44/77)/((-2)/(-91)). Let w(y) = y**2 - 14*y + 13. Let g be w(14). Calculate the highest common divisor of f and g.
13
Suppose 5*p + 10 = 0, -a + 8 = p - 70. Calculate the highest common factor of a and 8.
8
Let q = -284 - -320. Let g be (10/4 + -1)*120. What is the greatest common factor of q and g?
36
Let u = 331 + -199. Calculate the greatest common factor of u and 24.
12
Suppose 7*z = 5*z + 58. Suppose -3*b - z + 8 = -u, -2*u - 4*b = -62. Calculate the highest common factor of 18 and u.
9
Suppose 180 = 4*y + 2*y. Suppose 0 = 2*j + 4 + 6, -3*s + 4*j + 509 = 0. Let a = s - y. What is the highest common divisor of a and 19?
19
Suppose -4*z + 207 = -45. Let k = 64 - z. Calculate the greatest common factor of 6 and k.
1
Suppose 3*h - 220 = 4*l, 5*h + 21 = 3*l + 186. Let y = -26 - l. Calculate the highest common factor of y and 290.
29
Let p = -2357 - -5844. What is the greatest common divisor of p and 11?
11
Suppose -378 + 403 = 5*k. Let i be (-15 - 0)*(-3 - -4). Let d = i + 40. What is the highest common factor of k and d?
5
Suppose 0 = -2*s + 5*l - 18 + 115, 0 = -3*s - 5*l + 83. What is the highest common divisor of s and 99?
9
Suppose 3*d + 1 = 16. Suppose 2*o - 40 = -4*h + 190, -d*h + 250 = -5*o. Calculate the greatest common divisor of h and 11.
11
Let v(c) = 1 + 0 + c + 0 - 2*c. Let z be v(-1). Let y be (z - 3)/(4/(-56)). Calculate the greatest common divisor of y and 42.
14
Let s = 83 - 80. Suppose -p + a = -30, 2*p + s*a - 8*a = 72. Calculate the greatest common divisor of 52 and p.
26
Let w = 16 + -10. Let p(r) = -2*r**2 - 10*r + 2. Let c be p(-5). Suppose 3*f + c = 11. What is the highest common divisor of f and w?
3
Suppose 0 = -349*o + 351*o - 92. Calculate the highest common factor of 253 and o.
23
Suppose 5*x + 2*h - 313 = 0, 15 + 239 = 4*x - 2*h. Calculate the greatest common divisor of 21 and x.
21
Suppose 4*y + 195 = 239. What is the highest common factor of y and 55?
11
Let c(h) = -h**2 + 12*h + 17. Let x be c(5). Suppose -4*b = -9*b + 10, -2*b = 2*j - 82. Calculate the greatest common factor of j and x.
13
Let s be (-18 + 440/30)*(-12 + 0). Suppose -8 = 3*v - 188. Calculate the greatest common factor of s and v.
20
Let o = 3185 + -3041. Calculate the greatest common divisor of 468 and o.
36
Let n(l) be the third derivative of l**6/120 + l**5/30 - l**4/4 - 5*l**3/6 + 4*l**2. Let y be n(-3). What is the highest common divisor of y and 32?
4
Let j = 48 - 54. Let x be (-81)/j + (-2)/4. What is the highest common factor of 104 and x?
13
Let g(h) = -14*h - 19. Suppose -3*c - 15 = 18. Let i be g(c). What is the highest common divisor of 27 and i?
27
Suppose -2*n = 5*f - 10, -5*f + 4*f = 4*n - 2. Suppose 19*g - 16*g - 138 = n. Calculate the greatest common divisor of g and 23.
23
Let j = 274 + -253. What is the highest common factor of 399 and j?
21
Let j be (34/(-3))/(14/(-21)). Suppose -86 = -3*z - w, -3*w + 16 = 1. Let h = z - j. What is the greatest common divisor of 5 and h?
5
Suppose -7*q + 705 - 89 = 0. Calculate the greatest common divisor of q and 8.
8
Suppose -z + 8 = 1. Let x(q) = q**2 + 2*q - 9. Let m be x(z). Suppose 0*u - 3*j = -4*u + 144, -2*j = 0. Calculate the greatest common factor of m and u.
18
Suppose v - d - 166 = 0, -5*v + 3*v - 5*d = -360. What is the greatest common factor of v and 10?
10
Let j(f) = -f**2 + 24*f + 57. Let y be j(26). Suppose 12 = -4*q + 3*q - 4*u, 0 = 4*q - y*u - 36. Calculate the highest common divisor of q and 44.
4
Suppose 32 = 3*f - 4. Suppose 6 = 2*d, -2*l - 5*d = l - 27. Let i be (9 + 189)/(6/l). Calculate the highest common divisor of f and i.
12
Let i = -101 - -130. Let r be i/(-87) - (-28)/3. What is the highest common divisor of r and 9?
9
Suppose -4*v + 20 = -4*z, 3*v - z = -4*z + 39. Let i = 11 - 9. Suppose i*l - 125 = -3*b, -5*b + 2*b + 2*l = -145. What is the highest common factor of v and b?
9
Suppose -4*t - 304 = 3*l - 4*l, 3*t + 4*l + 247 = 0. Let y = -68 - t. What is the highest common divisor of y and 9?
9
Suppose 0*o - 45 = -l + 4*o, 5*o + 15 = 0. Suppose 0 = -36*j + l*j + 513. Calculate the greatest common divisor of 19 and j.
19
Suppose -18*v - 2124 = -22*v. Let u = v - 315. What is the greatest common divisor of 24 and u?
24
Let l(w) = 6*w**2 - 53*w + 46. Let q be l(11). What is the greatest common divisor of q a